*5 + 6*i**2 + 5/24*i**4. Give y(-4).
-3
Suppose -o = o + 10. Let p(l) = -l**2 - 5*l + 6. Calculate p(o).
6
Let l(u) = u**3 - 9*u**2 - 11*u + 10. Let s be l(10). Suppose 5*n + s + 5 = 0. Let x(q) = -7*q**2. What is x(n)?
-7
Suppose 0 = w + 3*g - 9, -2*w + 16 = -g + 5*g. Suppose -12 = -w*p + 2*p, 8 = -2*u + 4*p. Let f(z) = 3*z + u - 4*z - 1. Calculate f(-4).
5
Let g be 15/6 - (-2)/4. Let a(f) = 6 + 2*f**2 + 0 + f**3 - 5*f**2 + f - 3. What is a(g)?
6
Suppose q + 0*q - 4 = -3*n, 5*q = -2*n - 6. Let x = n + -5. Let p(r) be the third derivative of r**6/120 + r**5/60 - r**4/6 - r**2. Calculate p(x).
-6
Let x(d) = 30*d - 3 - 17*d - d**3 - 12*d. Determine x(0).
-3
Let b(l) be the third derivative of l**5/60 + l**4/8 + l**3/6 + l**2. Suppose 8*q - 9*q = 2. Give b(q).
-1
Suppose 4*j = 2*j. Suppose -c + k = 4*c - 15, j = 4*c - 4*k - 12. Let a(n) = 0*n + c - n + 2. Determine a(4).
1
Let p(z) be the third derivative of -z**6/120 - z**5/15 - z**4/8 - 2*z**2. Suppose -j = 2*w + 7, 0 = -w - 0*w + 3*j. Calculate p(w).
0
Let n(q) be the first derivative of 3*q**4/4 + q**2 + q - 46. Calculate n(-1).
-4
Suppose -6 = -2*d - 2*x, 5*x = 3*d + 2*x - 3. Suppose g + 3 = d. Let i(u) = -5*u**2 + u. Calculate i(g).
-6
Let h(u) = 3*u + 26. Let g be h(-8). Let w(d) = 2*d**3 - 4*d**2 + 3*d. Calculate w(g).
6
Let a(h) = -h**3 + 5*h**2 + 6. Let y be a(5). Let w(r) be the second derivative of r**4/12 - 5*r**3/6 - 5*r**2/2 + r. Calculate w(y).
1
Let b(p) = -9*p + 4. Let y be b(2). Let t = -10 - y. Let j(f) = f**3 - 5*f**2 + 4*f + 5. Determine j(t).
5
Suppose -13 = -4*x - 2*t + t, 31 = 3*x + 5*t. Let j(v) = -v**3 - 3 + 2*v**3 - 5*v**x + 2. What is j(5)?
-1
Let c(l) = l**3 - 7*l**2 + l - 3. Suppose 0 = -4*x + q + 26, -9*x - 3*q = -8*x - 13. What is c(x)?
4
Let t(a) = 5*a - 6. Let j(v) = 1. Let c(f) = -j(f) - t(f). Calculate c(2).
-5
Let o(i) = 2*i - 8. Let p(u) = 5*u - 25. Let t(r) = -11*o(r) + 4*p(r). Let d be t(-8). Let y(s) = -d + 4*s**2 + 2*s - s**3 + s + 4*s. Calculate y(5).
6
Let j(f) = f**2 - 6*f - 5. Suppose -2*w + 4 + 8 = 0. Calculate j(w).
-5
Let c(a) = a**2 - 16*a + 56. Let p be c(5). Let f(v) = 3*v - 2*v + 6*v**2 + 4*v**2 - 1. What is f(p)?
10
Suppose 2 + 3 = n. Suppose 3*z - 4*c - 57 = 14, -z = -n*c - 20. Suppose -2*j - 3*j + z = 0. Let y(b) = b - 10. Calculate y(j).
-5
Let l(n) = -10*n + 5*n**2 + 0*n**3 + n**3 + n + 2 - 6. Give l(-6).
14
Let q(n) = 3*n - 6. Let h(t) = -2*t + 3. Let o(s) = 5*h(s) + 3*q(s). Let z be (-1)/2 + (-7)/2 + -1. Give o(z).
2
Suppose -4*f - 2*x = 6, -f + 15 = f - 5*x. Let v(y) = 1 + f*y - 2*y + y + 3*y. Give v(-2).
-3
Let l(f) = -f + 25*f - 16*f + 8*f**2 + f**3. Give l(-7).
-7
Let j(g) be the third derivative of -g**4/24 - g**3/6 - 2*g**2. Let x(n) = n**2 + 2*n - 9 - n**3 + n**2 + 4*n**2. Let v be x(6). Give j(v).
-4
Let o(f) = 2*f**3 - 3*f - 1. Let v = -45 + 43. Determine o(v).
-11
Let r(o) be the first derivative of -1/3*o**3 - 3*o**2 + 8*o + 3. Give r(-6).
8
Suppose 7*w - 1 + 29 = 0. Let m(q) = -q**2 - 4*q - 2. Calculate m(w).
-2
Let a(w) = -w**3 + w**2 + 1. Let i(p) = p**3 - 7*p**2 - 7*p - 6. Let q be i(8). Let z be q/(-6)*0/(-2). Give a(z).
1
Let o(v) be the second derivative of -v**5/60 - v**4/12 + v**3 + 5*v. Let x(z) be the second derivative of o(z). Give x(-5).
8
Let a = -9 - -5. Let s(v) be the second derivative of -v**5/60 - v**4/6 - 2*v**3/3 - v**2/2 - v. Let g(w) be the first derivative of s(w). What is g(a)?
-4
Let t(y) = 2*y - 2. Let c be 1*1/1*1. Let w be 1/(c/8) + -2. Determine t(w).
10
Let g = -9 + 11. Let z be 3 - ((g - 0) + 2). Let l(r) = -6*r - 2. Let v(h) = -11*h - 3. Let x(p) = -5*l(p) + 3*v(p). Give x(z).
4
Let k be (-5)/((1 + -2)*1). Let a(y) = 15*y**2 + y + 6. Let l(c) = -7*c**2 - 3. Let h(u) = -6*a(u) - 13*l(u). Give h(k).
-2
Let s(n) be the second derivative of -n**4/12 + 3*n**3/2 - 3*n**2/2 - 36*n. Give s(6).
15
Let j = 26 - 27. Let y(f) = -5*f**3 + f**2 - f - 1. Determine y(j).
6
Suppose 0 = -0*q + 2*q + 2. Let r be -8*(3/6)/(-1). Let a(y) = -5 + 6*y - y + r - 4*y. Give a(q).
-2
Let g be 1 + 8/2 - 2. Suppose -5*n + 27 + g = 0. Let p(c) = -c**3 + 6*c**2 + c - 7. Let m be p(n). Let a(s) = 7*s**2 + s. What is a(m)?
6
Let g(t) = -2*t**2 + 2*t - 1. Let z(b) = b**2 - 11*b - 7. Let y be z(12). Let u be (2 - 1 - y) + -2. Let j be (-2)/u - (-2)/3. Give g(j).
-1
Let w(o) = -o**3 - 5*o**2 - 5*o - 1. Let n = -59 + -51. Let a be n/33*12/10. Calculate w(a).
3
Let p(n) = -n**3 - n**2. Let q(w) = 2*w**3 + 2*w**2 + w - 4. Let z(i) = -3*p(i) - q(i). Let k = 3 + -3. Give z(k).
4
Let k(q) = 7*q**2. Suppose 0 = w + w - 6. Suppose -2*h + w*j + 27 = 0, 0 = -3*h + j - 2*j + 68. Let x be 2/(-7) - (-27)/h. Calculate k(x).
7
Suppose 0 = o - 2*o + 12. Suppose o = -7*l + 4*l. Let i(r) = 4 + r + 2*r**2 + r**3 + 1 + 2*r**2. Determine i(l).
1
Suppose -3*x + 9 = -0*x. Let i(o) = 2*o - 2*o - 2*o - x*o. Let h(f) = -14*f. Let p(r) = 4*h(r) - 11*i(r). What is p(-2)?
2
Let u = -8 + 8. Let a(q) be the first derivative of -q**3/3 + q**2/2 + 6*q + 1. Calculate a(u).
6
Let w(b) = b + 7 + b**2 - 3 - 2. Calculate w(-3).
8
Let b be 0 + 0 + -1 + 2. Let q = b + 1. Let j(t) = 2*t - 1. Let c be j(q). Let y(p) = p**2 - 2*p + 4. Calculate y(c).
7
Let g(c) be the first derivative of -2 - 1/2*c**2 + 4*c. Determine g(-6).
10
Let b(m) = 3*m + 12. Let x(i) = 4*i + 11. Let w(j) = 3*b(j) - 2*x(j). Let c be w(-10). Suppose -4*f + 0 = -4, f - 21 = -c*z. Let t(q) = q - 6. Calculate t(z).
-1
Let m(q) = 2*q + 3. Let v(r) = -r**3 + 0*r + 4*r**2 + 2*r - 3*r + 2. Let k be v(4). Give m(k).
-1
Suppose 2*b - 28 = -3*m - m, -2*m + 2 = -2*b. Let h be (-2)/m + (-4)/(-10). Let q(r) = 5*r - 2 + 0*r + 2*r - 6*r. What is q(h)?
-2
Let q(t) = 5*t**2 + t - 7. Let i(j) = -12 + 15*j - 14*j - 1 + 9*j**2. Let p(o) = 5*o**3 - 1. Let x be p(1). Let a(c) = x*i(c) - 7*q(c). Determine a(-2).
7
Suppose 37 = 2*g + 39. Let s(o) = 10*o**3 - o**2. Give s(g).
-11
Let c(n) be the third derivative of n**4/2 - n**3/6 - 28*n**2. Determine c(-1).
-13
Let y(c) = 2*c + 5. Let j be y(-5). Let v(m) = m + 1. Let g(b) = 4*b + 3. Let r(w) = j*v(w) + g(w). Determine r(-5).
3
Let u(g) = 4*g - 5. Let y(v) = -v + 1. Let n(h) = -u(h) - 5*y(h). Let p(l) = l**3 - 4*l**2 - 2*l + 4. Let s be p(4). Let z = 7 + s. What is n(z)?
3
Let z = -10 - -15. Let q(h) = 0*h - h - 2 - z. Let d(r) = -r**2 - 4*r - 3. Let y be d(-3). Give q(y).
-7
Let c(f) = -f - 2. Suppose -3*o - 5 = -q, 31 = -2*q - 2*q - 5*o. Let p = q - -7. Give c(p).
-5
Let n(y) = -y - 1. Suppose -5*b + 3*r + 13 = 0, 0 = b - 3*r + r - 4. Suppose b*q + q + 2*z = -78, 3*q + 78 = -z. Let a be (-164)/52 - 4/q. Determine n(a).
2
Let x(k) be the third derivative of k**6/120 + k**5/20 - k**4/8 + k**3/6 - 8*k**2. Let o = -8 + 4. Calculate x(o).
-3
Let k(d) = -d + 1. Let p(q) = -q**3 + 2*q**2 + 6*q. Let o be p(-2). What is k(o)?
-3
Let o(x) = -x**2 + x + 13. Let t be o(-4). Let j(h) = -h**3 - 8*h**2 - 8*h + 1. What is j(t)?
8
Let i(z) = 3*z**3 - 16*z**2 + 23*z + 22. Let r(u) = 4*u**3 - 24*u**2 + 34*u + 33. Let x(v) = -7*i(v) + 5*r(v). Give x(-9).
11
Let r(x) = -2*x + 6. Let b be r(7). Let t be (b + 0)*2/(-4). Let z(v) be the first derivative of -v**2 + 2*v + 4. Determine z(t).
-6
Let b(y) = -6*y - 2*y**3 + 5*y - y**2 - 3 + 4*y**2 + y**3. Suppose -4 = -2*n + 2. Calculate b(n).
-6
Let y = 18 + -12. Let o(q) be the first derivative of 3 - 3/2*q**2 - y*q. What is o(-4)?
6
Let z = 35 + -29. Let j(h) = h - 6. Give j(z).
0
Let n(k) = -k**3 - 5*k**2 - 5*k - 1. Let h be n(-4). Suppose -16 = 2*d - h*j, 0*j = 3*j - 6. Let l(p) = p + 5 + 0*p + 2. What is l(d)?
2
Let u(f) be the second derivative of -f**4/3 + f**3/2 - 26*f. Determine u(3).
-27
Suppose 0 = -j - 4*z + 6, 0 = -3*j + 2*j - 3*z + 5. Let t(d) = j*d + 4 + 3*d - 3*d. Suppose -3*i = -2*c, 3*i - 6 = c + 3*c. Calculate t(c).
-2
Let y be 2/11 + (-105)/33. Let z(v) = v**3 + 2*v**2 - 3*v - 1. Let k be z(y). Let n(o) = 7*o**3 - o - 1. What is n(k)?
-7
Let m(f) = -3*f + 3. Suppose -10 = 2*v + z - 6*z, v + 6 = 3*z. Suppose -4*q + 9*q - 4*d - 3 = v, -4*q = -2*d - 6. Give m(q).
-6
Let x be (9/(-2) - -2)*-2. Suppose 30 = x*u + 5. Let c(o) = -o**2 + 7*o. Let w(v) = v + 2. Let q(s) = -c(s) + 2*w(s). What is q(u)?
4
Let t(w) be the third derivative of w**6/120 + w**5/15 - w**4/4 - 2*w**3/3 - 24*w**2. Determine t(-5).
1
Let k = 1/4 + 1/4. Let i(u) 